et l be (-141)/(-15) - 2/w. What is the highest common divisor of l and 27?
9
Let j(p) = p**3 - p. Let v be j(1). Let z be v + (-10)/(-2) - 1. Let n be (-104)/(-18) - (-2)/9. Calculate the highest common factor of z and n.
2
Suppose 1 = -2*v + 3. Let t = 23 + -15. Calculate the highest common divisor of v and t.
1
Let i(r) be the third derivative of r**5/60 + 5*r**4/24 + 2*r**3/3 + 2*r**2. Let c be i(-5). Let j = 51 + -31. Calculate the greatest common divisor of c and j.
4
Suppose 196 = 4*n + 5*u, n = -0*u + 2*u + 62. What is the greatest common divisor of 24 and n?
6
Let k be (-54)/(-45)*10/6. Calculate the greatest common factor of 16 and k.
2
Suppose -c - 2*m = -14, m = -c - 3*c + 21. What is the greatest common divisor of c and 20?
4
Let j = 15 + -8. Let q(h) = 3*h - 7. Let w be q(j). Let l = -14 - -84. What is the highest common divisor of l and w?
14
Let q(p) = -7*p**3 + 2*p**2 + p - 1. Let m be q(-2). Let h = m + 63. Let n = h - 75. What is the greatest common divisor of n and 7?
7
Let v be (36/3)/4 - -8. What is the greatest common divisor of 88 and v?
11
Suppose -3*y - 2*y + 560 = 0. What is the highest common factor of y and 14?
14
Let l be (210/(-9))/((-6)/27). What is the highest common divisor of 21 and l?
21
Let b(k) = k**3 - 8*k**2 + 7*k + 6. Let i be b(6). Let y = i + 51. What is the highest common divisor of y and 135?
27
Let o be (-126)/12*4/(-6). Let i(v) = -3*v + 5. Let l be i(-10). What is the highest common factor of l and o?
7
Suppose -3*v + 37 = -5*w, 1 = 4*v + 4*w - 27. Let p = -2 + v. Calculate the greatest common factor of 7 and p.
7
Suppose 33 - 12 = f. Let z be (-3 - -2) + f + -2. What is the greatest common divisor of 90 and z?
18
Suppose -3*q = 3*n + 150, -246 = -0*n + 5*n + 3*q. Let h = -34 - n. Let s = h - 4. Calculate the greatest common factor of 90 and s.
10
Let g(k) = -k**2 - k + 122. Let j be g(0). Suppose 0 = 4*p + 2*x - j - 334, 2*p = -5*x + 212. Let m = -81 + p. Calculate the greatest common divisor of 7 and m.
7
Let x(o) = -7 + 3 - 4*o + 1 - 2*o + o**2. Let t be x(8). What is the greatest common divisor of 13 and t?
13
Let b = -1 - -2. Let n(d) = -7*d - 20. Let y be n(-4). What is the highest common factor of y and b?
1
Let s = -10 + 20. Suppose x + 3*x = 320. Calculate the highest common factor of s and x.
10
Let x(f) = -f**3 - 5*f**2 - 7*f - 4. Let s be x(-4). What is the highest common factor of s and 64?
8
Let y = -28 + 46. Suppose -4*k + 2*j = 3*j + 26, 4*j = 8. Let z = 16 + k. What is the highest common factor of y and z?
9
Let u(i) = 3*i**2 + 2*i + 1. Let b be u(-1). Suppose 0 = 5*w - 3*c - 624, b*c + 1 = 5. What is the highest common factor of 18 and w?
18
Let w = -1 + 2. Suppose 3*n - 5 = 2*n + 2*g, n - 19 = -5*g. What is the highest common divisor of w and n?
1
Let h = 2 + -4. Let m = h + 5. Suppose -3 = -m*a - 5*c, -2*a + 4*c = 3*a - 42. What is the highest common divisor of 48 and a?
6
Suppose -3*i - 20 = -m - 2, -3*m = 5*i + 2. Let b(s) = -s**3 - s**2 + 6. Let k be b(-4). Calculate the highest common factor of m and k.
6
Let x be 1 - 2 - (-24 - 0). Let l(c) be the first derivative of 5*c**3/3 - 5*c**2/2 - 3*c - 1. Let h be l(7). What is the greatest common divisor of x and h?
23
Suppose 4*y - 20 = 8. What is the highest common divisor of 14 and y?
7
Suppose 2*h = 3*h - 28. What is the highest common factor of h and 4?
4
Let w = 4 - -8. What is the highest common factor of 48 and w?
12
Let g = 11 + -10. What is the highest common divisor of g and 9?
1
Let i = -26 - -66. Calculate the highest common divisor of 10 and i.
10
Suppose 5*w - 613 = -228. Calculate the greatest common divisor of 14 and w.
7
Suppose -18 = -10*p + 9*p. Calculate the highest common factor of 162 and p.
18
Let w(t) = -5*t - 10. Let o be w(-6). Calculate the greatest common divisor of o and 50.
10
Let z = -2 - -2. Suppose -4*u - 33 = l - 4*l, -4*l - 3*u + 19 = z. Suppose n = 5*s - 318, 39 + 18 = s + 2*n. Calculate the greatest common divisor of s and l.
7
Let o = 4 + 1. Suppose 0 = n + 4*n + 4*l - 80, -l + o = 0. Let r be (1/3)/((-2)/(-18)). What is the greatest common divisor of n and r?
3
Let o = -7 + 12. Suppose -o*a = 64 - 264. What is the highest common divisor of 10 and a?
10
Let v = -17 + 87. Calculate the highest common factor of v and 10.
10
Suppose -2*q + 90 = 2*v, 4*v - 173 = 2*q + q. Suppose h = -3*h + v. Calculate the greatest common factor of h and 22.
11
Let m = -3 - -3. Suppose -5*x - r + 138 = m, 3*r = -2*r + 15. Let o be x/(-2)*4/(-6). What is the highest common factor of o and 18?
9
Let q = -3 - -8. Suppose 40 = -w + q*w. What is the greatest common divisor of w and 90?
10
Let q = -4 + 7. Suppose 192 + 108 = q*t. Let b be (2 + 2)/4*10. Calculate the highest common divisor of t and b.
10
Let z = 202 - 142. Suppose 12 + 10 = -2*q. Let a = q - -26. Calculate the highest common factor of z and a.
15
Let u(h) = h**3 - 8*h**2 + 11*h - 10. Let b = -16 + 23. Let n be u(b). What is the highest common factor of 36 and n?
18
Let a(l) = -l**2 - l + 80. Let g(z) = -z**3 - 4*z**2 - 3*z - 6. Let s be g(-4). Let y = -6 + s. Let n be a(y). Calculate the highest common factor of 10 and n.
10
Suppose 5*s - 3*p = 4*s + 34, -s + p = -26. Calculate the greatest common factor of s and 88.
22
Suppose 224 = -2*h + 5*h - 2*m, -4*m - 16 = 0. Suppose 7*t = 5*x + 2*t + 10, -3*x - 5*t = 46. Let z = 1 - x. What is the greatest common divisor of h and z?
8
Suppose -20 = -y - 5*k, y - 4*k - 55 = -2*k. Let l(o) = -o**2 + 1. Let h be l(3). Let i be h/(-28) - 183/(-21). Calculate the highest common factor of y and i.
9
Let o be (-264)/(2 + 7/(-2)). Suppose 0 = -3*x + 12 + 3. Suppose -58 = -x*a + 22. Calculate the highest common factor of a and o.
16
Let u = -31 - -40. Calculate the greatest common divisor of 45 and u.
9
Let y = 214 - 151. What is the highest common divisor of 21 and y?
21
Let r = -30 + 38. Let k = 52 - 12. What is the greatest common factor of r and k?
8
Let u = 13 - 12. Calculate the greatest common factor of 4 and u.
1
Suppose 0*b = -b - 1. Let t be 2 + (-11 + 0)*b. Suppose -3*r = 5*j - 52 - 4, -j + 28 = -5*r. Calculate the greatest common divisor of t and j.
13
Suppose 0*p - 4*p = -4, 3*p - 453 = -5*r. What is the greatest common factor of r and 18?
18
Suppose -5*w + 104 = -3*p, -w - 4*p = -3*w + 50. What is the highest common factor of w and 19?
19
Let z be 12/9*((-21)/2)/(-7). Calculate the greatest common divisor of 1 and z.
1
Let b(m) = -5*m - 1. Let w be b(-5). Let r = 41 - w. Suppose -r = -4*l + 15. Calculate the greatest common factor of l and 72.
8
Suppose -48 + 6 = -7*s. What is the highest common factor of s and 3?
3
Suppose 271 = 8*w - 401. Calculate the highest common divisor of w and 12.
12
Suppose -3*w = 303 - 783. Let a be -1 - (61 - -2)/(-3). Calculate the greatest common divisor of a and w.
20
Let c be 1 + (1 - 2) + 5. Let n(s) = s**2 - s - 1. Let u be n(2). Let t = u + 4. Calculate the highest common factor of t and c.
5
Let y(g) = -g**2 + 8*g - 1. Let l be y(10). Let t = l + 30. Let p be (158/(-4) - 1)*-2. Calculate the greatest common factor of t and p.
9
Let v(l) = l**3 - 14*l**2 + 12*l + 31. Let g be v(13). Suppose -165 = -3*u - 30. Calculate the greatest common factor of g and u.
9
Let n be (-2 + 11/(-5))/(9/(-225)). What is the highest common factor of 35 and n?
35
Let w(h) = 8*h**2 + 2. Let x be w(2). What is the highest common factor of 17 and x?
17
Let a be 1*-14*3/(-2). Suppose 5*l = -2*r + 20 + 4, 4*r - 5*l - 18 = 0. Let j = 70 - r. Calculate the highest common factor of a and j.
21
Let u be ((-30)/9)/((-4)/6). Suppose u*s + 29 = 134. Let h be (-2)/(-1) - (-3 + 2). What is the greatest common divisor of h and s?
3
Let w = -10 + 146. Let u(d) = d**3 - 4*d**2 + 5*d - 3. Suppose 4*a = 4 + 12. Let q be u(a). What is the highest common divisor of q and w?
17
Suppose 4*b - 164 = -0*b + 4*t, 0 = -5*t - 25. Let s = -3 + 12. What is the greatest common divisor of s and b?
9
Suppose -16 = -2*l + 2*g, -l + g = -5*l + 32. Calculate the highest common factor of 56 and l.
8
Let z be -1*(20/(-5) + -9). Let i(j) = -j**3 + 5*j**2 + 5*j + 3. Let x be i(4). What is the greatest common factor of z and x?
13
Let g(p) = -48*p - 8. Let s be g(-2). Calculate the highest common divisor of 22 and s.
22
Let y